15.
5
Calculate the highest common factor of 32 and 14215888.
16
What is the greatest common divisor of 428 and 8938673?
107
Calculate the highest common divisor of 11210 and 4285642.
118
What is the greatest common factor of 15587 and 2353403?
13
What is the greatest common divisor of 252203 and 8281?
49
Calculate the highest common divisor of 78 and 22962966.
78
What is the greatest common factor of 40103 and 107808659?
2359
What is the greatest common factor of 10166 and 392002?
26
Calculate the greatest common divisor of 146017 and 26123.
151
Calculate the greatest common factor of 1167884090 and 5987.
5987
Calculate the highest common divisor of 1078 and 70257.
11
Calculate the greatest common divisor of 19285 and 11767707.
3857
What is the highest common divisor of 26722366 and 55660?
5566
Calculate the greatest common factor of 10105448 and 184.
8
What is the greatest common divisor of 44 and 26630098?
22
Calculate the greatest common factor of 11241 and 801858.
3747
What is the highest common divisor of 72 and 21020196?
12
Calculate the highest common divisor of 93530 and 4371.
47
Calculate the greatest common factor of 232 and 13977826.
58
What is the greatest common factor of 1764 and 159446?
98
What is the highest common divisor of 2385 and 780840?
45
Calculate the highest common divisor of 42795 and 64038438.
8559
Calculate the highest common factor of 11304510 and 120.
30
What is the highest common divisor of 4288 and 73003200?
4288
What is the greatest common divisor of 43004 and 47952768?
3308
Calculate the greatest common divisor of 3396532 and 204.
68
Calculate the highest common factor of 444672 and 703292.
772
Calculate the greatest common factor of 19771 and 31849918.
1163
Calculate the highest common factor of 44590 and 16705.
65
What is the greatest common factor of 1038 and 6181636?
346
What is the greatest common divisor of 24016594 and 210?
14
Calculate the greatest common factor of 92652 and 720.
12
What is the greatest common factor of 10428495 and 6930?
1155
Calculate the greatest common factor of 6684895 and 56.
7
Calculate the highest common factor of 101511847 and 7199.
313
What is the highest common divisor of 62568461 and 371?
53
Calculate the greatest common factor of 5752 and 626.
2
What is the greatest common divisor of 1213700 and 78175?
1325
What is the greatest common divisor of 5268660 and 84?
12
Calculate the highest common divisor of 276 and 603511306.
46
Calculate the highest common factor of 154989842 and 98.
98
What is the highest common factor of 70 and 4557830?
10
Calculate the greatest common factor of 664 and 568384.
664
What is the greatest common factor of 84131729 and 33?
11
What is the highest common divisor of 783659 and 404?
101
What is the greatest common divisor of 28063955 and 335?
335
What is the greatest common factor of 2486965 and 1430?
65
What is the highest common factor of 49700 and 4650?
50
Calculate the highest common factor of 2043 and 5292855.
9
Calculate the greatest common factor of 65604 and 74250.
66
What is the highest common divisor of 112 and 22059248?
16
What is the highest common factor of 11630 and 318?
2
Calculate the highest common factor of 1475 and 28910885.
295
Calculate the greatest common divisor of 18125 and 130000.
625
What is the highest common divisor of 366 and 47516?
2
What is the highest common divisor of 11904 and 10551408?
1488
Calculate the highest common factor of 4315760 and 35770.
730
Calculate the greatest common divisor of 57 and 74776533.
57
What is the highest common divisor of 20375296 and 568?
568
Calculate the highest common factor of 4229807 and 89462.
1091
What is the greatest common factor of 56958 and 564?
6
Calculate the greatest common factor of 119 and 8640896.
17
What is the greatest common factor of 2744 and 4121684?
196
What is the highest common divisor of 23328 and 3468?
12
Calculate the highest common divisor of 1040961 and 12.
3
What is the highest common divisor of 25 and 524034700?
25
Calculate the greatest common divisor of 2840 and 80230.
710
Calculate the greatest common divisor of 3695192 and 112.
8
Calculate the highest common factor of 11003972 and 127204.
1652
Calculate the greatest common divisor of 1289688 and 262914.
174
What is the highest common factor of 9164 and 23947744?
316
What is the greatest common factor of 14280 and 2296?
56
What is the highest common factor of 51917 and 309619?
269
Calculate the highest common factor of 3986565 and 13431.
1221
Calculate the highest common divisor of 53 and 10930349.
53
Calculate the highest common factor of 4096008 and 672.
168
Calculate the highest common divisor of 6 and 6251474.
2
What is the greatest common divisor of 5432982 and 6?
6
What is the highest common factor of 2640213 and 2?
1
Calculate the greatest common divisor of 6675 and 3178635.
1335
What is the highest common factor of 51 and 279205926?
51
Calculate the greatest common factor of 5922 and 47243.
7
What is the highest common divisor of 10747 and 2712152?
977
Calculate the highest common factor of 9462 and 34937190.
498
Calculate the highest common divisor of 468 and 68002792.
52
Calculate the highest common divisor of 14251989 and 471.
471
Calculate the highest common factor of 297 and 817553.
11
What is the greatest common divisor of 24 and 74073?
3
Calculate the greatest common divisor of 14770 and 433034.
14
What is the greatest common factor of 86 and 9463999?
43
Calculate the greatest common factor of 11648 and 35165.
13
Calculate the highest common divisor of 154538352 and 1152.
144
What is the highest common divisor of 9 and 9857124?
9
What is the greatest common factor of 178715926 and 314?
314
What is the highest common factor of 167862925 and 2517?
839
What is the greatest common divisor of 24183900 and 1053?
351
Calculate the highest common factor of 16451990 and 60.
10
Calculate the greatest common factor of 11350167 and 6225.
249
Calculate the greatest common divisor of 244856 and 136.
8
Calculate the highest common divisor of 107808 and 319392.
96
What is the greatest common divisor of 63310 and 557570?
130
Calculate the greatest common divisor of 6445614 and 1494.
498
Calculate the highest common divisor of 339628924 and 68.
68
Calculate the highest common factor of 49 and 53190277.
7
What is the highest common factor of 96061263 and 177?
177
Calculate the greatest common factor of 219852825 and 1529.
139
What is the greatest common divisor of 43375109 and 17?
17
What is the greatest common divisor of 58586320 and 156?
52
What is the highest common divisor of 1426 and 2681500?
62
What is the highest common factor of 651 and 80706981?
93
What is the greatest common factor of 423226 and 464?
58
What is the highest common divisor of 1477 and 25514120?
211
Calculate the highest common factor of 12839886 and 79182.
954
What is the highest common factor of 2208 and 151738728?
552
Calculate the greatest common factor of 1200 and 31682550.
150
Calculate the greatest common divisor of 19156130 and 262.
262
What is the highest common divisor of 149 and 8673439?
149
Calculate the greatest common divisor of 203151952 and 1634.
1634
Calculate the highest common divisor of 104540 and 20080.
20
What is the greatest common factor of 5929475 and 12950?
25
What is the highest common divisor of 7634 and 170724?
694
What is the highest common divisor of 6914106 and 8235?
1647
What is the highest common divisor of 344080 and 1767040?
880
Calculate the greatest common divisor of 1260 and 306809020.
140
Calculate the greatest common divisor of 36252 and 37259.
1007
Calculate the greatest common factor of 2562365 and 4680.
65
Calculate the highest common divisor of 7618 and 240838.
26
Calculate the highest common divisor of 9594 and 1808100.
738
What is the highest common factor of 1235162122 and 1270?
254
What is the greatest common factor of 2822 and 121720?
34
What is the highest common factor of 6772 and 231768314?
3386
What is the highest common divisor of 30970 and 321404?
38
Calculate the greatest common divisor of 84436185 and 15.
15
What is the greatest common factor of 2406 and 48391878?
2406
What is the greatest common factor of 392550966 and 954?
954
Calculate the greatest common divisor of 